Let a be -19*3/6*-2. Let z = 3 + a. Suppose 5*r - 990 = -0*r. Calculate the greatest common factor of r and z.
22
Suppose -546 = -49*a + 23*a. Calculate the greatest common factor of a and 56.
7
Let y = -557 + 907. Let a = 1196 - 670. Let g = a - y. Calculate the highest common divisor of 16 and g.
16
Suppose 0 = 13*x - 18 - 34. Calculate the greatest common divisor of x and 116.
4
Let u be 5 + -3 + (-3 - -1). Let m be 12/(-16)*(u - 4). Calculate the greatest common factor of m and 9.
3
Let c(a) = -a**3 - a + 1. Let o(v) = v**3 + 7*v**2 - 6*v - 11. Let h(k) = -2*c(k) - o(k). Let m be h(7). What is the highest common divisor of 5 and m?
5
Let f = 509 - -992. What is the highest common divisor of 19 and f?
19
Suppose -2*m + 4 = -20. Let j(v) = -v**2 + 14*v - 10. Let o be j(4). What is the highest common divisor of m and o?
6
Let m(y) = y**3 - 7*y**2 + 8*y - 6. Let k be m(6). What is the highest common divisor of 18 and k?
6
Let x(t) = 79*t - 315. Let m be x(6). What is the greatest common factor of m and 848?
53
Let r = 61 - 61. Let b be (r + -6)/(0 + -1). Calculate the greatest common divisor of 48 and b.
6
Let b = -574 - -790. What is the highest common factor of 360 and b?
72
Suppose 0 = 5*b + 5*i - 130, b - 110 = -3*b - i. Let z be ((-30)/9 + 4)*336. What is the greatest common factor of b and z?
28
Suppose -v = 4*v - 80. Suppose 4*b = 5*p + 16, 4*b - v = p + 3*p. Suppose -t - 2*t + 693 = p. What is the highest common factor of t and 21?
21
Let h = 800 - 349. What is the greatest common factor of 77 and h?
11
Let b = 221 - -252. Calculate the greatest common divisor of b and 86.
43
Let s be 30*1/(4/18). Let y(a) be the first derivative of a**4/4 + a**3/3 - a**2 + 15*a - 8. Let z be y(0). What is the greatest common divisor of s and z?
15
Let f(l) = 7*l - 51. Let c be f(-11). Let y be (c/(-3))/((2 + -1)/3). What is the greatest common factor of 16 and y?
16
Let x(f) = -2*f**2 + 16*f + 9. Let y be (-7)/(8/2*1/(-4)). Let q be x(y). Calculate the greatest common divisor of q and 207.
23
Let t be (-6)/10 + 8/(-20). Let v = t + 2. Let q be 0 - 8/(-1 - v). What is the highest common factor of q and 10?
2
Suppose 0 - 16 = -2*l. Let v(r) = -r + 17. Let f be v(7). What is the highest common divisor of f and l?
2
Suppose 328 = -3*h + 1894. What is the greatest common divisor of 18 and h?
18
Let j be (-1 - -58) + 0*3/(-6). Suppose 125 - 767 = -3*p. Suppose 3*n = 4*s - p, -59 = -2*s - 3*n + j. Calculate the greatest common divisor of 11 and s.
11
Let v(c) = 2*c - 6. Let g be v(4). Suppose 4*i + i - 45 = -5*a, -4*a - g*i + 30 = 0. What is the highest common divisor of 96 and a?
6
Suppose -67 = 2*j + 13. Let o be 6/(-4)*j/6. Suppose -67*k - 1260 = -81*k. Calculate the greatest common factor of k and o.
10
Let n = -1027 + 1159. Suppose 3*t - 5*t = -24. Calculate the greatest common factor of t and n.
12
Suppose 5*p - 15 = 0, -2*p + 261 = 5*o - 2*o. Suppose -4*t + 2*f = f - o, 0 = 5*t - 4*f - 98. What is the greatest common factor of 2 and t?
2
Suppose 7*w + 784 = 21*w. Suppose 5*z = 5, -8 - 21 = -2*f - z. Calculate the highest common factor of w and f.
14
Let j(u) = -2*u - 9. Let d be j(-5). Suppose -189 + 41 = -2*f. Let p be f/14 + (-4)/14. What is the greatest common divisor of p and d?
1
Suppose -3*n = -0*n. Suppose n*l = -4*a + 3*l + 411, -l - 102 = -a. Let b = -60 + a. What is the greatest common divisor of 18 and b?
9
Let i(x) = x**3 - 19*x**2 + 7*x - 52. Let z be i(20). Calculate the highest common factor of z and 8.
8
Let r be (-2)/19 + 9380/665. What is the greatest common factor of 623 and r?
7
Let o(x) = 199*x + 2612. Let u be o(-12). Suppose f + w - 4*w = 38, -5*f + 4*w = -168. Calculate the greatest common divisor of u and f.
32
Let j = 9 + -21. Suppose -14*m = -5*m + 1323. Let q = j - m. Calculate the highest common factor of q and 15.
15
Let h be (-228)/(-133)*(-70)/(-4). What is the greatest common divisor of h and 45?
15
Suppose -75*w + 67*w + 520 = 0. Calculate the greatest common factor of w and 10.
5
Let n be 3 + 8 + -4 + (-6 - -2). Suppose 82 = n*t + 2*w, 4*t - 57 = -3*w + 51. Calculate the greatest common factor of t and 240.
30
Suppose b - 6*b = -1680. Let d = -152 + b. What is the highest common factor of d and 23?
23
Let v = 58 - 117. Let q = v - -171. Let a = -47 - -61. What is the greatest common divisor of a and q?
14
Let s(i) = 2*i**2 + 2*i - 41. Let h be s(-6). Let a(v) = -2*v**3 - 6*v**2 + 2*v + 5. Let u be a(-6). Calculate the highest common factor of h and u.
19
Suppose -3*b - i + 62 = 0, 2*i - 56 = -3*b + 5. Calculate the greatest common factor of b and 35.
7
Let g(f) = 10*f**2 + 188*f + 10. Let v be g(-20). Calculate the highest common factor of 325 and v.
25
Suppose 2*a - 3*l = -2*l + 638, 3*l = 3*a - 960. Let i = -219 + a. Let h(q) = -q**2 + 5*q + 11. Let j be h(5). Calculate the greatest common factor of j and i.
11
Let i(k) = -5*k**3 + 4*k**2 + 7*k - 33. Let w be i(-6). What is the greatest common factor of 3 and w?
3
Suppose -l = -2*q - 35, 0 = 5*l + 2*q - 114 - 1. Calculate the highest common factor of l and 25.
25
Let n = -47 - -97. What is the greatest common divisor of 25 and n?
25
Suppose 0 = 5*g - 49 - 271. Suppose o - 3*o + 64 = 0. Suppose -2*n + 6*n = o. What is the highest common factor of n and g?
8
Let q(w) = -42*w - 13. Let r be q(-5). Suppose -r - 505 = -3*m. What is the highest common divisor of m and 18?
18
Let c = 17 - 15. Suppose -l = j, 4*j - c*l = -l + 15. Suppose j*a + 0*k + 5*k - 10 = 0, -a - 3*k - 2 = 0. What is the highest common factor of 10 and a?
10
Suppose -25*m + 14*m + 1771 = 0. What is the highest common factor of m and 207?
23
Let l = -98 + 98. Let h = 1 + l. Calculate the greatest common factor of 1 and h.
1
Suppose 14 = -0*k - 4*k + 2*s, -3*k - 10 = -s. Let r be (-2 - -4) + 13 + k. What is the greatest common factor of r and 30?
6
Suppose -2*y = -w + 54, -6*w = -11*w + 4*y + 270. Let f = 74 - w. Calculate the highest common factor of 28 and f.
4
Let w(n) = -n**3 + 3*n**2 + 5*n - 3. Let s be w(4). Suppose 3*u + 2*q - 6*q - 13 = 0, -4*u + 26 = -q. Calculate the highest common divisor of u and s.
1
Let q(j) = j**3 - 17*j**2 + 21*j + 39. Let r be q(16). Calculate the greatest common divisor of 2023 and r.
119
Let d be (30/35)/(21/98). Calculate the highest common divisor of 172 and d.
4
Let u(v) = 2*v**2 + 25*v + 23. Let l be u(-13). Calculate the greatest common divisor of l and 180.
36
Let i be (-1755)/(-1*(-9)/(-12)). Let l be ((-48)/(-10))/(54/i). What is the highest common factor of l and 26?
26
Let s(f) = f**2 - 3*f + 2. Let b be s(8). Let c(d) = -12*d - 3. Let r be c(-2). What is the greatest common factor of b and r?
21
Suppose r - 6*r = j + 152, 4*j - 4*r = -608. Let m = j - -242. Suppose 3*l + g + 1 = m, -4*g + 86 = 3*l. What is the highest common divisor of 6 and l?
6
Let h be 6/3 + 0 - 3. Let y be (-6)/h*(-11)/3. Let r be (-8 - (-4)/1)*y. What is the greatest common divisor of 8 and r?
8
Let r(d) = -2*d + 48. Let o = 15 + -15. Let h be r(o). Calculate the highest common divisor of 6 and h.
6
Let a = 619 - 583. Calculate the greatest common divisor of 900 and a.
36
Let b be 2/(-11) + 5/(-275)*-136355. Calculate the greatest common factor of b and 67.
67
Let p = 179 - 233. Let f = p - -63. Suppose 157 = 3*u - 86. What is the highest common factor of f and u?
9
Suppose -4*g + x = -40, 0*g - 4*x = -2*g + 34. Suppose 0 = -v + 2*v - 6. Let j be ((-4)/v)/((-2)/81). Calculate the greatest common divisor of j and g.
9
Let j be 7/2*(136 - 122). Calculate the greatest common divisor of 441 and j.
49
Let v(o) = -5*o + 108. Let u be v(-5). Calculate the greatest common divisor of u and 7.
7
Suppose 3*s = 6 + 9, 5*s - 29 = -d. Suppose -5*t + d*h + 104 = 0, t - 17 = -4*h + h. What is the greatest common divisor of t and 10?
10
Suppose 0 = -3*r + 16 + 125. What is the highest common factor of r and 517?
47
Let h = -3297 - -3363. Suppose 3*n - 76 = 221. Calculate the greatest common divisor of h and n.
33
Let q be -15*-50*(-5)/(-15). What is the highest common divisor of q and 10?
10
Suppose -2*u - 305 = -371. What is the highest common factor of u and 33?
33
Suppose 17*k - 11*k = 54. Let s = 57 - -42. Calculate the greatest common factor of k and s.
9
Suppose 42*k - 24 = 41*k. Let l = -52